vided by q?
6
Suppose -20*d + 8856 = -47*d. Let h = 417 + d. What is the remainder when h is divided by 26?
11
Let l = -70242 - -70391. Calculate the remainder when l is divided by 0 + 16 + 1 + -2.
14
Calculate the remainder when (-1 - -2)*1*83 is divided by (-396)/77*(-1260)/216.
23
Suppose 6330 = 50*m - 11620. What is the remainder when m is divided by 45?
44
Suppose -1070*u + 15583 = -17587. Let k(p) = 74*p + 1. What is the remainder when k(2) is divided by u?
25
Let y = 257 + -270. Let b(l) = -l**3 - 13*l**2 - 7*l - 12. Calculate the remainder when b(y) is divided by 9.
7
Let l = 4893 - 3277. What is the remainder when l is divided by 12?
8
Suppose -40*u + 990 = 15*u. Let r(b) = -2*b**3 + b**2 + b + 71. Calculate the remainder when r(0) is divided by u.
17
Let o = -7 - 43. Let z = o - -44. Calculate the remainder when 62 is divided by (z/(-4))/(12/88).
7
Let r be (-3934)/10 - (-27)/(-45). Let j = -342 - r. What is the remainder when j is divided by 11?
8
Let c = 3441 - 1914. Calculate the remainder when c is divided by 45.
42
Suppose -435*t + 37 = -398*t. Let g(r) = 3*r - r**2 + 47*r**3 + 36*r**3 + 0*r**2 - 2. What is the remainder when g(t) is divided by 42?
41
Let p = -3840 - -3856. Calculate the remainder when 623 is divided by p.
15
Suppose 5*v - 2*v = 3, 0 = c - 4*v + 6. What is the remainder when 5/10 + (-15)/c is divided by 3?
2
Let n = -933 - -923. Calculate the remainder when 652/6 + 2/(-3) is divided by n/((-100)/370)*1.
34
Calculate the remainder when ((-264)/(-30) - (9 + 0)) + (-2656)/(-5) is divided by 74.
13
Let r(j) = -j**2 - 4*j - 2. Let o be r(-2). Suppose -69 - 31 = o*s. Let l = -37 - s. What is the remainder when 21 is divided by l?
8
Let s = -637 + 653. Suppose 184 = 3*u - u. What is the remainder when 9/(u/(-104) - -1) is divided by s?
14
Let n(b) = 117*b - 36. Let k be 13/5 - 24/(-60). Calculate the remainder when n(k) is divided by 53.
50
Suppose 0 = 53*a - 1058 - 1168. What is the remainder when 65 is divided by a?
23
Let h = 348 - 532. Let r = h - -261. Calculate the remainder when r is divided by 6.
5
Suppose 20*p = -7*p - 756. What is the remainder when 106 is divided by (p/10)/(((-2)/(-1))/(-10))?
8
Suppose -20*t = -1182 - 4698. Calculate the remainder when t is divided by 45.
24
Suppose 4*a + 149 = z, 428 = 3*z + 2*a - 19. Let c = z - 4. Calculate the remainder when c is divided by 67.
11
Let z(h) = -h**2 - 6*h - 8. Let l be z(-2). Suppose -5*x - 97 = -2*i - 9, -2*i + x + 80 = l. What is the remainder when 48 is divided by i?
9
Let k(p) = 37*p + 297. Let z(d) = d + 2. Let o(r) = -k(r) - 4*z(r). What is the remainder when 68 is divided by o(-8)?
22
Calculate the remainder when 1015 is divided by (1*(-1 - (9 - 5)))/((-2)/4).
5
Suppose -3*v = w - 716, 509 = 5*v - 2*w - 666. What is the remainder when v is divided by 150?
87
Suppose -1519 = 275*v - 13344. Let z(c) = -22*c**3 + c**2 - c + 2. Calculate the remainder when z(-2) is divided by v.
12
Let b = -9076 + 9099. Calculate the remainder when 296 is divided by b.
20
Calculate the remainder when 269 is divided by (-376 + 377)*5*27.
134
Let p(h) = -4*h - 22. Let q(i) = -i - 3*i + 4*i - i. Let z(s) = p(s) + 4*q(s). What is the remainder when 47 is divided by z(-6)?
21
Let d(g) be the second derivative of -g**4/12 - 2*g**3 - 9*g**2/2 + 10*g. Let q(p) = 5*p - 44. What is the remainder when d(-7) is divided by q(11)?
4
Calculate the remainder when 2215 is divided by (-2 - (-46)/(-115))/((-6)/280).
87
Suppose 2*a + 0*a - 24 = -4*t, 4*a - 20 = -t. Suppose 0 = -a*l + 5*g + 19 + 53, -4*g - 54 = -3*l. Calculate the remainder when 53 is divided by l.
17
Let c(m) = 20*m**2 + 820*m + 70. What is the remainder when 282 is divided by c(-41)?
2
Calculate the remainder when 104 is divided by 20/(-225)*81/54 + (-424)/(-30).
6
Let q(p) be the first derivative of 3*p**2 - 2*p - 25. Let d be q(1). What is the remainder when 159 is divided by (d/6)/((-26)/(-1053))?
24
What is the remainder when (24/(-5))/((-96)/8960) is divided by 145?
13
Suppose 18*l + 8 = 170. Let v = -5 + 8. Suppose 6*w - v = 4*r + w, 9 = -r + 4*w. Calculate the remainder when l is divided by r.
0
Suppose -11*o + 720 = -16*v + 14*v, 3*v = 3*o - 189. Calculate the remainder when 8777 is divided by o.
65
Let c = 518 - 514. Suppose -c*t + 16 = -3*j + 407, -675 = -5*j - 5*t. Calculate the remainder when j is divided by 58.
17
Let w = 576 - 516. Calculate the remainder when ((-115)/w)/23 + 327/36 is divided by 4.
1
Let l(i) = -i**3 + 49*i**2 + 30*i - 625. Calculate the remainder when l(49) is divided by 16.
13
Let b(s) = 13*s - 1. Let h be (-252)/(-10) + 13/(-65). Suppose -2*m - 11 + h = 0. What is the remainder when b(2) is divided by m?
4
Let c be 3 + -3 + -390 + -5. Let g = 444 + c. What is the remainder when g is divided by 17?
15
Let f be ((-17)/2)/(6*(-6)/72). Suppose 2*t = -3*u + 36, -t + f = -u + 2*u. What is the remainder when 101 is divided by t?
11
Let c = -114 + 137. Suppose 7*t + 8 = 9*t. Calculate the remainder when c is divided by t.
3
Let r(f) = -f**2 + 3*f + 1. Let z be r(5). Let n = 68 + z. Let a = -32 + n. Calculate the remainder when a is divided by 18.
9
Suppose 0 = 5*p + 2*r - 636, -p + 0*r + 4*r + 114 = 0. Let c = p + -37. Let h = -2091 - -2121. What is the remainder when c is divided by h?
29
Let h be 123*6/(-18) - 5. Suppose -4*i + i = -189. Let g = i + h. Calculate the remainder when 116 is divided by g.
14
Suppose -u - 71 = -1969. What is the remainder when u is divided by 25?
23
Suppose -7*h + 2*i - 9462 = -11*h, 4*h + 5*i = 9471. Calculate the remainder when h is divided by 8.
4
Let t(o) = 54*o - 3. Let i be t(4). Suppose 23 = -3*b + d + 148, -5*b + 4*d + i = 0. Let j = -33 + b. Calculate the remainder when j is divided by 2.
0
Suppose q = 5*q - 108. Let k(b) = 103*b**2 - 15*b - 15. Calculate the remainder when k(-1) is divided by q.
22
Let a = -6315 - -6400. What is the remainder when 30429 is divided by a?
84
Let a(v) = -v**3 + 30*v**2 - 3*v - 11. Let u be a(29). Suppose 119 - u = -12*j. Calculate the remainder when j is divided by 29.
23
Let u = -279 + 320. Let a(q) = -2*q - 4. Let d be a(-2). Suppose d = -4*i - i + 110. What is the remainder when u is divided by i?
19
Let m(q) = 4*q**2 - 7. Let h be (3 + -2)/(((-4)/(-456))/(-1)). Let v = 137 + h. Calculate the remainder when m(-6) is divided by v.
22
Suppose 0 = 5*w + 313 - 1728. Suppose 0 = -3*t + i + 170, -3*t = -i - 3*i - 167. Calculate the remainder when w is divided by t.
55
Let q = 99 - 108. Calculate the remainder when 60 is divided by ((-408)/(-40) + q)*80/6.
12
Suppose -52*q = 2*k - 55*q - 24, -2*q = k - 19. What is the remainder when 299 is divided by k?
14
Let j = 388 - 327. Suppose 581 + 28 = b. Calculate the remainder when b is divided by j.
60
Calculate the remainder when 579 is divided by (4/((-60)/(-65)))/(8/72).
33
What is the remainder when (-130)/(-364)*1022 - (1 - 0 - -1) is divided by 356?
7
Let p(b) = 17*b - 72. Let q be -11*(85/(-55) + 1) + 5. Calculate the remainder when p(q) is divided by 20.
15
Suppose 4*h = 5*g - 1385, -1116*g + h = -1114*g - 557. What is the remainder when g is divided by 26?
21
Suppose 1308 = 5*q + 113. What is the remainder when q is divided by 40?
39
Let u(j) = 28*j**3 + 2*j - 82*j**3 + 7 - 5 + 23*j**3 + 27*j**3 + 5*j**2. Let q = -4 - -2. Calculate the remainder when u(q) is divided by 17.
16
Let v = 15341 - 14508. What is the remainder when v is divided by 56?
49
Let n(v) = -18*v - 105. Let h = -162 - -155. Calculate the remainder when 145 is divided by n(h).
19
What is the remainder when 434 is divided by 1 + (-32)/14 + 1 + (-24603)/(-973)?
9
Let q = 3951 - 3801. What is the remainder when 1782 is divided by q?
132
Suppose 106*g - 90 = 100*g. Suppose 5*h + 24 = 8*h. Calculate the remainder when g is divided by h.
7
Let p(j) = 4*j**2 - 8*j - 203. Calculate the remainder when p(-22) is divided by 22.
17
Suppose 4*n = 13*n - 27. Calculate the remainder when 446 is divided by n/(6 - 1253/210).
86
Suppose o = -5*u + 786, 217 - 541 = -2*u - 2*o. Let v = 5 + 29. What is the remainder when u is divided by v?
20
Let q = -11874 + 12945. What is the remainder when q is divided by 61?
34
Let f = -29 + 33. Suppose -4*o = f*g - 197 + 37, 0 = -4*g + 5*o + 151. What is the remainder when 109 is divid